11. Let l(f) = 3*f - 19. Let z be l(8). Let j be d(z). Suppose j*w - 332 = -2*r, -3*w - r + 3*r + 256 = 0. Is w a multiple of 14?
True
Suppose -3*s + 12 = 3*h, 0 = -4*h - 2*s + 4*s + 22. Suppose -4*y = -2*i - 1014, 0*i = h*y + 2*i - 1281. Is 15 a factor of ((-4)/4 + -3)*y/(-4)?
True
Does 98 divide 1 - 3 - -7 - -5287?
True
Let f(w) = -w**3 - 9*w**2 - 17*w - 16. Suppose 13 + 36 = -7*c. Let b be f(c). Suppose b*n + 5*y = 2*y + 105, -70 = -5*n + 4*y. Is 9 a factor of n?
True
Let a = 14348 - 423. Does 7 divide a?
False
Suppose 65 = 248*t - 235*t. Suppose -2*d = -3*d - t*z + 285, 2*d - 3*z = 570. Does 5 divide d?
True
Let z(a) = a**2 - 10*a. Let s(n) be the third derivative of n**5/60 + 13*n**4/24 + 6*n**3 - 12*n**2. Let w be s(-6). Is 8 a factor of z(w)?
True
Let d be 39/(-6)*(-9)/((-27)/(-6)). Let p = 17 - d. Suppose -p*l = -5*k - 648, -5*l + 4*k + k = -810. Is l a multiple of 21?
False
Does 35 divide (658/3 + 0)*7623/726?
False
Let b = 88 + -93. Let f(n) be the second derivative of -3*n**5/20 - n**4/4 + 2*n**3/3 - 11*n**2 - n. Does 43 divide f(b)?
True
Let n = -634 + 737. Suppose 0 = 6*f - 3*f - 9. Is n/f - (-3)/(-9) a multiple of 22?
False
Let g = -839 + 839. Does 59 divide ((3 - 947) + g)/(28 - 29)?
True
Suppose -6*c + 2650 = 2*c - 1982. Is 8 a factor of c?
False
Does 6 divide (90/25)/((-8)/(-80))?
True
Suppose 371763 + 615189 = 41*j. Is 17 a factor of j?
True
Let s be (-1)/4 + ((-861366)/8)/(-11). Suppose -11*f + s - 3628 = 0. Does 35 divide f?
True
Suppose 2*i - 6*i = 0, 2*p - 6*i = -8*i + 1252. Does 19 divide p?
False
Let b be ((-45)/90)/(3/(-354)). Let f be (1 - 0)*1*0. Let i = b + f. Is i a multiple of 33?
False
Suppose 54 = 11*c - 23. Suppose 4*p + 16 = 4*f, c = f - 5*p - 1. Suppose q + 1 = -2, 5*k + f*q = 641. Is k a multiple of 26?
True
Let p(l) = -49*l + 56. Let s be p(-10). Suppose -s = -7*c + 21. Is c a multiple of 6?
False
Suppose 0 = -38*z - 97510 + 297446 + 458566. Is 13 a factor of z?
True
Let n(p) = 21*p**2 - 23*p + 102. Is 114 a factor of n(9)?
True
Let q(h) = h**3 + 4*h**2 - 11*h + 6. Let x be q(-6). Is 8 a factor of x + -1 - (2 + -83)?
True
Let a(n) = 322*n**2 - 105*n - 943. Is a(-9) a multiple of 16?
False
Suppose -c + 3 = -1, 0 = -5*q - 2*c + 13. Let x be (1/q - -65) + 4 + -1. Let l = x - 51. Is l a multiple of 18?
True
Suppose -86*s + 109333 + 59141 = 0. Is s a multiple of 60?
False
Let j = 5461 + -3866. Suppose 10*b + 395 = j. Is 5 a factor of b?
True
Suppose 0*h - 5*h = -27330. Is 4/(-22) - 5*h/(-33) a multiple of 36?
True
Suppose -6*b + 3881 = -2677. Let p = b + -733. Is 15 a factor of p?
True
Suppose -z + 8*z - 336 = 0. Does 7 divide -4*-30*18/z?
False
Let f(d) = -d**2 - 26*d + 45. Let n be f(-27). Suppose -2*v - 282 = -v - 4*t, 5*v = 3*t - 1495. Does 25 divide v/(-12) + (-3)/n?
True
Let u be ((-6 - -2) + 2 - 2) + 75. Suppose 2*k + u = 365. Suppose 3*x = -3*z + 99, -2*x = 3*x - 4*z - k. Is x a multiple of 12?
False
Let g(n) = 127*n**2 - 3*n - 2. Let r(k) = -380*k**2 + 8*k + 6. Let c(j) = -8*g(j) - 3*r(j). Let a be (-2)/7 + 9/7. Is c(a) a multiple of 35?
False
Let g(u) = -8*u**3 - 4*u**2 + u + 1. Let h(k) = -2*k**3 - 23*k**2 + 15*k + 32. Let b be h(-12). Is 21 a factor of g(b)?
False
Let g(o) = -4647*o - 4975. Does 7 divide g(-2)?
True
Let o(r) = r**2 - 17*r - 24. Let a be o(21). Let w = -23 + a. Suppose -5*j + 63 = -w. Does 5 divide j?
True
Is 14 a factor of 24/60 - (-1 - -11546)*4/(-50)?
True
Let o = -100 + 62. Let l = 74 + o. Does 4 divide l?
True
Let l be (-1)/(2 + 22425/(-11210)). Suppose 6*x = -3*d + 8*x + 1358, -2*x + l = 5*d. Is d a multiple of 18?
True
Suppose m + 31 = -39. Let u = 330 + m. Is 26 a factor of u?
True
Suppose -441 = 21*z - 28*z. Is (-2)/(-7)*(z - -343) a multiple of 12?
False
Let r be 2 + (-38)/16 + (-75)/(-200). Let y be (-12)/(-16) - (-2)/8. Suppose y = t - r, -2*s = -5*t - 131. Is 41 a factor of s?
False
Suppose 7*f = -2*f + 54. Suppose 4*g + 2 = 5*t, 2*g + 6 + f = -3*t. Let i = g - -27. Is 12 a factor of i?
True
Suppose t = 6*t - 2*z - 2197, -t + 437 = -z. Is 21 a factor of t?
True
Let w = -542 + 606. Suppose 2*f = 4*i - w, -2*f + 8 = -6*f. Is 2 a factor of i?
False
Let f(m) = m + 2*m + 81 - 22 + 37. Is f(-6) a multiple of 7?
False
Let f be 365 - ((-2)/15 + (-344)/120). Suppose 5*m - 447 = 4*s, f = 4*m + s + s. Does 6 divide m?
False
Let x = -52983 + 76567. Is x a multiple of 67?
True
Let n(z) = 320*z + 999. Does 123 divide n(36)?
False
Is (-1 - 5)/3*(-9816 + -47) a multiple of 51?
False
Let b(c) = 8*c**2 + 118 - 6*c**2 + 25*c**2 + c**3 + 3706*c - 3733*c. Is 10 a factor of b(-28)?
True
Let r(x) = -116*x - 808 + 24*x + 817. Is r(-4) a multiple of 29?
True
Suppose 2*z = 2*v - 6, -3*z - 25 = -2*v - 18. Let t be ((-3)/6)/((-2)/8). Suppose v*d + 3*k - 84 = t*k, 3*d - 126 = -3*k. Does 6 divide d?
True
Let b be -7*(4488/(-56))/11. Does 9 divide ((6228/16)/3)/(b/68)?
False
Let t be (-16)/(-64)*(-6 - -2). Is (-1398)/(-3) - (-6)/t a multiple of 46?
True
Let t(h) = h**2 + 13*h + 15. Let q be t(-12). Suppose -q*z = -4*z + 5. Suppose -5*o - z*g + 554 = -2*g, 4*o = 4*g + 456. Is o a multiple of 7?
True
Let f = 24412 + 11258. Is 246 a factor of f?
True
Let x(o) = o**3 + 35*o**2 + 80*o + 128. Is x(-31) a multiple of 7?
False
Let f = -3 - 12. Let y be (-16)/(-10) + -2 + (-1626)/f. Suppose -31 - 194 = -4*u - 5*h, -2*h = -2*u + y. Is u a multiple of 31?
False
Suppose -7985*o = -7986*o + 2804. Is 73 a factor of o?
False
Let x(i) = -2*i**2 + 9*i - 7. Let q be x(10). Let l = q + 118. Is 29 a factor of (12/(-4) - -346)*l - -2?
False
Let v be ((-23)/69)/(1/15). Is 15 a factor of (-20)/(-4)*(-26 - v)*-1?
True
Let n(r) = -10*r + 9. Let c be n(1). Let u(j) = 161*j**2 - 11*j - 10. Is u(c) a multiple of 18?
True
Let g = -11777 - -33479. Is g a multiple of 87?
False
Let y = 84 + -108. Does 8 divide (-3 - -61)/((-6)/y)?
True
Suppose 137193 = 57*m - 205965 + 123480. Is 41 a factor of m?
True
Let p be 125 - (-1)/2*(-6 + 14). Suppose -5*y + p = -4*m, 21 - 133 = -4*y + m. Is y a multiple of 15?
False
Suppose -13*b + 48292 = 4261. Suppose -8*f - 715 = -b. Is f a multiple of 12?
False
Let j = -111 - -94. Is 47 a factor of (-13 - j) + 282 + 4/(-2)?
False
Let z = 2914 - 1445. Is z a multiple of 2?
False
Suppose -n + 3 + 5 = -2*b, b + 4 = 5*n. Suppose n = j + 5*l - 198, -2*j + l = -7*j + 1062. Is 12 a factor of j?
False
Suppose -14*l = -l - 390. Let m = l - 23. Suppose -m = -o + 23. Is 15 a factor of o?
True
Suppose -2*d - 2*d = 2*j + 2, 4*d - 1 = j. Suppose -12*z + 2*z + 70 = d. Is (z + 35)*(0 + 3) a multiple of 45?
False
Let w(t) = -195*t - 3309. Is w(-156) a multiple of 225?
False
Let t(z) = 44*z**2 - 53*z - 3. Is 7 a factor of t(8)?
False
Suppose b - 4*h = h + 10, -b + h + 6 = 0. Suppose 88 = 2*u + 4*l - l, 3*u - 115 = 4*l. Suppose 5*x - 75 = -b*g, 4*g + 5*x - u - 19 = 0. Does 5 divide g?
True
Let r(f) = 6*f + 16. Let q be r(-7). Let x(n) = -2*n**2 - 58*n - 24. Does 19 divide x(q)?
False
Let p = 23719 + -15910. Is 19 a factor of p?
True
Let g be (-28)/(-21)*1/((-1)/96). Let v = g - -187. Does 12 divide v?
False
Is 200735/95 + (1 - (-5 + 2)) a multiple of 29?
True
Suppose 13*n - 1220 = -128. Let v = 190 - n. Is v a multiple of 50?
False
Suppose -748*x = -727*x - 72198. Is 186 a factor of x?
False
Suppose 0 = 11*v - 33, 39158 = -3*i - v + 187943. Does 19 divide i?
False
Let m = 672 + -512. Suppose 8*p - 688 = -m. Does 3 divide p?
True
Let g be ((-76)/8 - -9)*4/2. Does 30 divide 12/(-4) + (118 - g)?
False
Suppose -11*y + 4 = 26. Let h(g) = 36*g**2 + 6*g + 3. Does 5 divide h(y)?
True
Let c = -32 + 46. Suppose -c*u = -12*u - 130. Suppose -63 = -2*a + u. Does 25 divide a?
False
Let i = 15902 - 14453. Is i a multiple of 161?
True
Let m be 2/4 + (-7)/(-2). Suppose -m*a + 3*u + 39 = 0, 11 = -2*u + 1. Suppose 0 = a*r - 11*r + 335. Is r a multiple of 22?
False
Suppose -3*s = -8*a + 12*a - 62852, -4*s + 83875 = -5*a. Does 20 divide s?
True
Suppose 357*n - 231336 = 306*n. Does 75 divide n?
False
Let t(n) = -587*n - 52. Suppose 4 = 4*a + 4*i, -2*i = a - 6*i + 14. Is 22 a factor of t(a)?
True
Suppose -2*h + 3*f = -9606, 2*h - 4*f = 10975 - 1373. Is h a multiple of 7?
True
Let i be 822/(-4)*2 - 5. Does 8 divide i*(60/16 - 5)?
True
Suppose -2*a + 36 = 26. Suppose -898 = 5*h - 8*h + 2*x, -2*x + 1486 = a*h. Does 25 divide h?
False
Let d(j) =